{"id":19946,"date":"2026-09-04T02:40:31","date_gmt":"2026-09-04T02:40:31","guid":{"rendered":"https:\/\/www.inmobiliariarufo.com\/?post_type=rtcl_listing&#038;p=19946"},"modified":"2026-09-04T02:40:31","modified_gmt":"2026-09-04T02:40:31","slug":"venta-de-apartamento-novus-parques-carrasco-a-estrenar-en-diciembre-2025","status":"publish","type":"rtcl_listing","link":"https:\/\/www.inmobiliariarufo.com\/en\/propiedades\/venta-de-apartamento-novus-parques-carrasco-a-estrenar-en-diciembre-2025\/","title":{"rendered":"VENTA DE APARTAMENTO NOVUS PARQUES CARRASCO a estrenar en diciembre 2025"},"content":{"rendered":"<p>Venta de unidad a estrenar!Novus Parques \u2013 Viv\u00ed rodeado de naturaleza en Carrasco ParquesUbicado entre San Nicol\u00e1s y Los Olivos, en el entorno verde y conectado de Carrasco Parques \u2013 Barrio Jard\u00edn, Novus Parques combina dise\u00f1o moderno, eficiencia y calidad de vida.<br \/>\nApartamentos esquineros de 2 y 3 dormitorios, con excelentes terminaciones, muy amplias terrazas y parrillero propio en todas las unidades.<br \/>\nConstrucci\u00f3n de primera calidad con losa radiante hidr\u00e1ulica por bomba de calor, bajos gastos comunes y cocheras en subsuelo.<br \/>\nAmenities destacados: piscina exterior climatizada, solarium, rooftops con barbacoas cerradas, gimnasio, cowork, sauna, playrooms para ni\u00f1os y adolescentes, laundry, bike garage y previsi\u00f3n para cargadores de autos el\u00e9ctricos.<br \/>\nConsult\u00e1 por unidades disponibles.<br \/>\nUn proyecto para vivir con confort, dise\u00f1o y naturaleza.<br \/>\nDisponemos de una unidad en venta en exclusividad, de 2 dormitorios, con garaje.<br \/>\nFecha de entrega programada diciembre 2025 (sujeto a avance de obra)<\/p>","protected":false},"author":1,"template":"","class_list":["post-19946","rtcl_listing","type-rtcl_listing","status-publish","has-post-thumbnail","hentry","rtcl_category-ventas","rtcl_location-carrasco","rtcl_location-montevideo","listing-item","rtcl-listing-item"],"_links":{"self":[{"href":"https:\/\/www.inmobiliariarufo.com\/en\/wp-json\/wp\/v2\/rtcl_listing\/19946","targetHints":{"allow":["GET"]}}],"collection":[{"href":"https:\/\/www.inmobiliariarufo.com\/en\/wp-json\/wp\/v2\/rtcl_listing"}],"about":[{"href":"https:\/\/www.inmobiliariarufo.com\/en\/wp-json\/wp\/v2\/types\/rtcl_listing"}],"author":[{"embeddable":true,"href":"https:\/\/www.inmobiliariarufo.com\/en\/wp-json\/wp\/v2\/users\/1"}],"wp:featuredmedia":[{"embeddable":true,"href":"https:\/\/www.inmobiliariarufo.com\/en\/wp-json\/wp\/v2\/media\/19947"}],"wp:attachment":[{"href":"https:\/\/www.inmobiliariarufo.com\/en\/wp-json\/wp\/v2\/media?parent=19946"}],"curies":[{"name":"wp","href":"https:\/\/api.w.org\/{rel}","templated":true}]}}

<p>Venta de unidad a estrenar!Novus Parques – Viví rodeado de naturaleza en Carrasco ParquesUbicado entre San Nicolás y Los Olivos, en el entorno verde y conectado de Carrasco Parques – Barrio Jardín, Novus Parques combina diseño moderno, eficiencia y calidad de vida.<br />
Apartamentos esquineros de 2 y 3 dormitorios, con excelentes terminaciones, muy amplias terrazas y parrillero propio en todas las unidades.<br />
Construcción de primera calidad con losa radiante hidráulica por bomba de calor, bajos gastos comunes y cocheras en subsuelo.<br />
Amenities destacados: piscina exterior climatizada, solarium, rooftops con barbacoas cerradas, gimnasio, cowork, sauna, playrooms para niños y adolescentes, laundry, bike garage y previsión para cargadores de autos eléctricos.<br />
Consultá por unidades disponibles.<br />
Un proyecto para vivir con confort, diseño y naturaleza.<br />
Disponemos de una unidad en venta en exclusividad, de 2 dormitorios, con garaje.<br />
Fecha de entrega programada diciembre 2025 (sujeto a avance de obra)</p>
