{"id":19933,"date":"2026-09-04T02:40:32","date_gmt":"2026-09-04T02:40:32","guid":{"rendered":"https:\/\/www.inmobiliariarufo.com\/?post_type=rtcl_listing&#038;p=19933"},"modified":"2026-09-04T02:40:32","modified_gmt":"2026-09-04T02:40:32","slug":"venta-de-casa-3-dormitorios-jardin-propio-parrillero","status":"publish","type":"rtcl_listing","link":"https:\/\/www.inmobiliariarufo.com\/en\/propiedades\/venta-de-casa-3-dormitorios-jardin-propio-parrillero\/","title":{"rendered":"Venta de Casa 3 dormitorios jard\u00edn propio parrillero"},"content":{"rendered":"<p>Venta de Casa en Aires Puros, muy buena construcci\u00f3n; s\u00f3lida. \u00a0\u2022\u00a0\u00a0\u00a0Bien conectada (Propios, San Mart\u00edn, Gral.<br \/>\nFlores cerca)\u00a0\u00a0\u00a0\u2022\u00a0\u00a0\u00a0Residencial, de casas y edificios bajos\u00a0\u00a0\u00a0\u2022\u00a0\u00a0\u00a0Con servicios, comercios y buena locomoci\u00f3n.<br \/>\nCasa en r\u00e9gimen de propiedad horizontal, al fondo: son 2 unidades en el terreno.<br \/>\nSe vende la unidad de atr\u00e1s.<br \/>\nPlanta baja: jard\u00edn al frente.<br \/>\nLiving comedor amplio, con estufa a le\u00f1a.<br \/>\nDos dormitorios, cocina semi integrada y un ba\u00f1o.<br \/>\nEn planta alta cuenta con otro dormitorio, un ba\u00f1o y cocina con salida a la azotea transitable.<br \/>\nParrillero.<br \/>\nRequiere arreglos, el\u00e9ctrica nueva.<br \/>\nAdmite pr\u00e9stamo bancario.<br \/>\nPrecio U$S 145.000<\/p>","protected":false},"author":1,"template":"","class_list":["post-19933","rtcl_listing","type-rtcl_listing","status-publish","has-post-thumbnail","hentry","rtcl_category-ventas","rtcl_location-aires-puros","rtcl_location-montevideo","listing-item","rtcl-listing-item"],"_links":{"self":[{"href":"https:\/\/www.inmobiliariarufo.com\/en\/wp-json\/wp\/v2\/rtcl_listing\/19933","targetHints":{"allow":["GET"]}}],"collection":[{"href":"https:\/\/www.inmobiliariarufo.com\/en\/wp-json\/wp\/v2\/rtcl_listing"}],"about":[{"href":"https:\/\/www.inmobiliariarufo.com\/en\/wp-json\/wp\/v2\/types\/rtcl_listing"}],"author":[{"embeddable":true,"href":"https:\/\/www.inmobiliariarufo.com\/en\/wp-json\/wp\/v2\/users\/1"}],"wp:featuredmedia":[{"embeddable":true,"href":"https:\/\/www.inmobiliariarufo.com\/en\/wp-json\/wp\/v2\/media\/19934"}],"wp:attachment":[{"href":"https:\/\/www.inmobiliariarufo.com\/en\/wp-json\/wp\/v2\/media?parent=19933"}],"curies":[{"name":"wp","href":"https:\/\/api.w.org\/{rel}","templated":true}]}}

Venta de Casa 3 dormitorios jardín propio parrillero

<p>Venta de Casa en Aires Puros, muy buena construcción; sólida.  •   Bien conectada (Propios, San Martín, Gral.<br />
Flores cerca)   •   Residencial, de casas y edificios bajos   •   Con servicios, comercios y buena locomoción.<br />
Casa en régimen de propiedad horizontal, al fondo: son 2 unidades en el terreno.<br />
Se vende la unidad de atrás.<br />
Planta baja: jardín al frente.<br />
Living comedor amplio, con estufa a leña.<br />
Dos dormitorios, cocina semi integrada y un baño.<br />
En planta alta cuenta con otro dormitorio, un baño y cocina con salida a la azotea transitable.<br />
Parrillero.<br />
Requiere arreglos, eléctrica nueva.<br />
Admite préstamo bancario.<br />
Precio U$S 145.000</p>
