{"id":19895,"date":"2026-09-04T02:40:30","date_gmt":"2026-09-04T02:40:30","guid":{"rendered":"https:\/\/www.inmobiliariarufo.com\/?post_type=rtcl_listing&#038;p=19895"},"modified":"2026-09-04T02:40:30","modified_gmt":"2026-09-04T02:40:30","slug":"venta-de-apartamento-tipo-casa-de-2-dormitorios-garaje-y-patio","status":"publish","type":"rtcl_listing","link":"https:\/\/www.inmobiliariarufo.com\/en\/propiedades\/venta-de-apartamento-tipo-casa-de-2-dormitorios-garaje-y-patio\/","title":{"rendered":"Venta de Apartamento tipo casa de 2 dormitorios, garaje y patio"},"content":{"rendered":"<p>Venta de Apartamento tipo casa, con garaje en Propiedad Horizontal | PocitosExcelente apartamento en propiedad horizontal, ubicado en una de las zonas m\u00e1s cotizadas de Pocitos, pr\u00f3ximo a Facultad de Arquitectura , con todos los servicios, comercios y excelente locomoci\u00f3n a pocos pasos.<br \/>\nCon 69 m\u00b2, esta propiedad se destaca por su muy buena distribuci\u00f3n y luminosidad.<br \/>\nDispone de:* Amplio living-comedor con salida directa a un agradable patio.* 2 c\u00f3modos dormitorios con pisos de parquet y ventanas hacia el patio.* Cocina definida.* Ba\u00f1o completo.* Pasillo con iluminaci\u00f3n natural gracias a una gran claraboya.* Garaje.* Acceso a azotea.<br \/>\nUna excelente opci\u00f3n para vivir en un entorno tranquilo, con la comodidad de estar cerca de todo.<br \/>\nPrecio de venta: U$S 187.000Coordine su visita con Inmobiliaria RUFO<\/p>","protected":false},"author":1,"template":"","class_list":["post-19895","rtcl_listing","type-rtcl_listing","status-publish","has-post-thumbnail","hentry","rtcl_category-ventas","rtcl_location-montevideo","rtcl_location-pocitos","listing-item","rtcl-listing-item"],"_links":{"self":[{"href":"https:\/\/www.inmobiliariarufo.com\/en\/wp-json\/wp\/v2\/rtcl_listing\/19895","targetHints":{"allow":["GET"]}}],"collection":[{"href":"https:\/\/www.inmobiliariarufo.com\/en\/wp-json\/wp\/v2\/rtcl_listing"}],"about":[{"href":"https:\/\/www.inmobiliariarufo.com\/en\/wp-json\/wp\/v2\/types\/rtcl_listing"}],"author":[{"embeddable":true,"href":"https:\/\/www.inmobiliariarufo.com\/en\/wp-json\/wp\/v2\/users\/1"}],"wp:featuredmedia":[{"embeddable":true,"href":"https:\/\/www.inmobiliariarufo.com\/en\/wp-json\/wp\/v2\/media\/19896"}],"wp:attachment":[{"href":"https:\/\/www.inmobiliariarufo.com\/en\/wp-json\/wp\/v2\/media?parent=19895"}],"curies":[{"name":"wp","href":"https:\/\/api.w.org\/{rel}","templated":true}]}}

<p>Venta de Apartamento tipo casa, con garaje en Propiedad Horizontal | PocitosExcelente apartamento en propiedad horizontal, ubicado en una de las zonas más cotizadas de Pocitos, próximo a Facultad de Arquitectura , con todos los servicios, comercios y excelente locomoción a pocos pasos.<br />
Con 69 m², esta propiedad se destaca por su muy buena distribución y luminosidad.<br />
Dispone de:* Amplio living-comedor con salida directa a un agradable patio.* 2 cómodos dormitorios con pisos de parquet y ventanas hacia el patio.* Cocina definida.* Baño completo.* Pasillo con iluminación natural gracias a una gran claraboya.* Garaje.* Acceso a azotea.<br />
Una excelente opción para vivir en un entorno tranquilo, con la comodidad de estar cerca de todo.<br />
Precio de venta: U$S 187.000Coordine su visita con Inmobiliaria RUFO</p>
