{"id":19779,"date":"2026-09-04T02:40:37","date_gmt":"2026-09-04T02:40:37","guid":{"rendered":"https:\/\/www.inmobiliariarufo.com\/?post_type=rtcl_listing&#038;p=19779"},"modified":"2026-09-04T02:40:37","modified_gmt":"2026-09-04T02:40:37","slug":"alquiler-de-monoambiente-con-balcon-en-pocitos-exclusivo","status":"publish","type":"rtcl_listing","link":"https:\/\/www.inmobiliariarufo.com\/en\/propiedades\/alquiler-de-monoambiente-con-balcon-en-pocitos-exclusivo\/","title":{"rendered":"Alquiler de Monoambiente con balc\u00f3n en Pocitos exclusivo"},"content":{"rendered":"<p>Monoambiente  al frente orientaci\u00f3n SurAV.<br \/>\nBrasil y Coronel Alegre Puerta ventana corrediza aluminio de salida al balc\u00f3nEquipo AA, Anafe dos hornallas a gas, garrafa 13 K y Extractor de Humo.<br \/>\nBa\u00f1o completo con termo tanque de 45 Ltrs y extractor El edificio cuenta con barbacoa abierta y barbacoa cerrada, Sala de lavado con maquinas de lavado y secado.<br \/>\nPortero f\u00edsico y totemZona con buena locomoci\u00f3n y serviciosGastos Comunes $ 5.700-Alquiler $    23.000     a mes adelantado del 01 al 10Garant\u00eda aseguradorasTAMBIEN SE PUEDE ALQUILAR CON COCHERA OPCIONAL Y PAGO APARTE<\/p>","protected":false},"author":1,"template":"","class_list":["post-19779","rtcl_listing","type-rtcl_listing","status-publish","has-post-thumbnail","hentry","rtcl_category-alquileres","rtcl_location-montevideo","rtcl_location-pocitos","listing-item","rtcl-listing-item"],"_links":{"self":[{"href":"https:\/\/www.inmobiliariarufo.com\/en\/wp-json\/wp\/v2\/rtcl_listing\/19779","targetHints":{"allow":["GET"]}}],"collection":[{"href":"https:\/\/www.inmobiliariarufo.com\/en\/wp-json\/wp\/v2\/rtcl_listing"}],"about":[{"href":"https:\/\/www.inmobiliariarufo.com\/en\/wp-json\/wp\/v2\/types\/rtcl_listing"}],"author":[{"embeddable":true,"href":"https:\/\/www.inmobiliariarufo.com\/en\/wp-json\/wp\/v2\/users\/1"}],"wp:featuredmedia":[{"embeddable":true,"href":"https:\/\/www.inmobiliariarufo.com\/en\/wp-json\/wp\/v2\/media\/19780"}],"wp:attachment":[{"href":"https:\/\/www.inmobiliariarufo.com\/en\/wp-json\/wp\/v2\/media?parent=19779"}],"curies":[{"name":"wp","href":"https:\/\/api.w.org\/{rel}","templated":true}]}}

Alquiler de Monoambiente con balcón en Pocitos exclusivo

<p>Monoambiente  al frente orientación SurAV.<br />
Brasil y Coronel Alegre Puerta ventana corrediza aluminio de salida al balcónEquipo AA, Anafe dos hornallas a gas, garrafa 13 K y Extractor de Humo.<br />
Baño completo con termo tanque de 45 Ltrs y extractor El edificio cuenta con barbacoa abierta y barbacoa cerrada, Sala de lavado con maquinas de lavado y secado.<br />
Portero físico y totemZona con buena locomoción y serviciosGastos Comunes $ 5.700-Alquiler $    23.000     a mes adelantado del 01 al 10Garantía aseguradorasTAMBIEN SE PUEDE ALQUILAR CON COCHERA OPCIONAL Y PAGO APARTE</p>
